{"id":585,"date":"2010-05-17T21:20:41","date_gmt":"2010-05-17T20:20:41","guid":{"rendered":"http:\/\/www.educationusa.hu\/?page_id=585"},"modified":"2020-05-27T18:43:20","modified_gmt":"2020-05-27T17:43:20","slug":"gyakornoki-programok","status":"publish","type":"page","link":"https:\/\/edusa.ittvasarolok.eu\/?page_id=585","title":{"rendered":"Gyakornoki Programok"},"content":{"rendered":"<h2>Gyakornoki programok<\/h2>\n<p><b>Internship Programok<\/b><\/p>\n<p>Az Egyes\u00fclt \u00c1llamokban lehet\u0151s\u00e9g ny\u00edlik \u00fan. &#8220;Internship&#8221; programban val\u00f3 r\u00e9szv\u00e9telre.<br \/>\nA p\u00e1ly\u00e1z\u00f3knak eleget kell tenni az al\u00e1bbi felt\u00e9telek egyik\u00e9nek:<\/p>\n<p>a) Jelenleg az USA ter\u00fclet\u00e9n k\u00edv\u00fcl tanulm\u00e1nyokat folytatsz egy fels\u0151oktat\u00e1si int\u00e9zm\u00e9nyben, \u00e9s tanulm\u00e1nyaid v\u00e9g\u00e9n diplom\u00e1t fogsz szerezni.<\/p>\n<p>b) Legfeljebb 12 h\u00f3napja szerezted meg f\u0151iskolai vagy egyetemi diplom\u00e1d az exchange visitor program megkezd\u00e9se el\u0151tt.<\/p>\n<p>Legt\u00f6bb esetben egy &#8220;exchange visitor sponsor&#8221; bevon\u00e1sa sz\u00fcks\u00e9ges.<br \/>\nAz Amerikai K\u00fcl\u00fcgyminiszt\u00e9rium \u00e1ltal igazolt szponzorok list\u00e1ja: <a href=\"http:\/\/eca.state.gov\/jexchanges\/index.cfm\" target=\"_blank\">eca.state.gov\/jexchanges\/index.cfm<\/a><\/p>\n<p>Az internship lehet fizetett vagy nem fizetett program, amelynek hossza nem haladhatja meg a 12 h\u00f3napot.  Kiz\u00e1r\u00f3lag teljes munkaid\u0151t ig\u00e9nyl\u0151 poz\u00edci\u00f3k min\u0151s\u00fclhetnek internship programnak. Heti minimum 32 \u00f3ra teljes\u00edt\u00e9se k\u00f6telez\u0151. Az adott program megkezd\u00e9s\u00e9hez sz\u00fcks\u00e9ges megfelel\u0151 szint\u0171 angol nyelvtud\u00e1s megl\u00e9te alapfelt\u00e9tel.<\/p>\n<p>Exchange visitor szem\u00e9lyek r\u00e9sz\u00e9re t\u00f6rt\u00e9n\u0151 v\u00edzumig\u00e9nyl\u00e9ssel kapcsolatban t\u00e1j\u00e9koztat\u00e1st ny\u00fajt a budapesti Amerikai Nagyk\u00f6vets\u00e9g Nem-bev\u00e1ndorl\u00f3 V\u00edzum Oszt\u00e1lya: <a href=\"https:\/\/hu.usembassy.gov\/hu\/visas-hu\/nonimmigrant-visas-hu\/\" target=\"_blank\">hu.usembassy.gov\/hu\/visas-hu\/nonimmigrant-visas-hu\/<\/a><\/p>\n<p><b>OPT (Optional Practical Training)<\/b><\/p>\n<p>Az F-1 t\u00edpus\u00fa v\u00edzum lehet\u0151v\u00e9 teszi, hogy 12 h\u00f3nap Optional Practical Training-en vegy\u00e9l r\u00e9szt az USA-ban egy amerikai f\u0151iskolai\/egyetemi diploma megszerz\u00e9s\u00e9t k\u00f6vet\u0151en, illetve m\u00e1r tanulm\u00e1nyaid k\u00f6zben. Sz\u00fcks\u00e9ges legal\u00e1bb egy tan\u00e9v teljes\u00edt\u00e9se.<br \/>\nA Science, technology, engineering, mathematics (STEM) tanulm\u00e1nyokat folytat\u00f3 hallgat\u00f3knak ezenfel\u00fcl lehet\u0151s\u00e9ge ny\u00edlik tov\u00e1bbi 17 h\u00f3nap OPT v\u00e9gz\u00e9s\u00e9re, azaz \u00f6sszesen 29 h\u00f3napra.<\/p>\n<p><b>Trainee Programok<\/b><\/p>\n<p>Az internship programokhoz k\u00e9pest a trainee programokat a m\u00e1r munkatapasztalattal rendelkez\u0151knek aj\u00e1nlj\u00e1k. Az al\u00e1bbi felt\u00e9telek k\u00f6z\u00fcl az egyik bet\u00f6lt\u00e9se k\u00f6telez\u0151:<\/p>\n<p>a) Diploma egy USA-n k\u00edv\u00fcli fels\u0151oktat\u00e1si int\u00e9zm\u00e9nyt\u0151l, valamint legal\u00e1bb egy \u00e9v szakmai tapasztalat az USA ter\u00fclet\u00e9n k\u00edv\u00fcl.<\/p>\n<p>vagy<\/p>\n<p>b) Az Egyes\u00fclt \u00c1llamok ter\u00fclet\u00e9n k\u00edv\u00fcl szerzett \u00f6t \u00e9v munkatapasztalat abban a szakm\u00e1ban, melyben a jelentkez\u0151 a programot szeretn\u00e9 elv\u00e9gezni. A trainee programok id\u0151tartama: legfeljebb 18 h\u00f3nap. Ez al\u00f3l kiv\u00e9telt jelentenek a mez\u0151gazdas\u00e1gi, valamint Hospitality and Tourism ter\u00fcleteken megh\u00edrdetett programok, melyek legfeljebb 12 h\u00f3naposak. <\/p>\n<p>A trainee szponzorok list\u00e1ja itt tekinthet\u0151 meg: <a href=\"http:\/\/eca.state.gov\/jexchanges\/index.cfm?fuseaction=record.list&#038;cat=16\" target=\"_blank\">eca.state.gov\/jexchanges\/index.cfm?fuseaction=record.list&#038;cat=16<\/a><\/p>\n<div id=\"attachment_203\" style=\"width: 120px\" class=\"wp-caption alignnone\"><a href=\"http:\/\/www.educationusa.hu\/wp-content\/InternshipsAndShortTermStudy.pdf\" target=\"_blank\"><img aria-describedby=\"caption-attachment-203\" loading=\"lazy\" class=\"size-full wp-image-203\" title=\"Internships, Short Term programs and other Exchange Opportunities\" src=\"http:\/\/www.educationusa.hu\/wp-content\/InternshipsAndShortTermStudy.jpg\" alt=\"Internships, Short Term programs and other Exchange Opportunities\" width=\"110\" height=\"155\" \/><\/a><p id=\"caption-attachment-203\" class=\"wp-caption-text\">Internships, Short Term programs and other Exchange Opportunities<\/p><\/div>\n","protected":false},"excerpt":{"rendered":"<p>Gyakornoki programok Internship Programok Az Egyes\u00fclt \u00c1llamokban lehet\u0151s\u00e9g ny\u00edlik \u00fan. &#8220;Internship&#8221; programban val\u00f3 r\u00e9szv\u00e9telre. A p\u00e1ly\u00e1z\u00f3knak eleget kell tenni az al\u00e1bbi felt\u00e9telek egyik\u00e9nek: a) Jelenleg az USA ter\u00fclet\u00e9n k\u00edv\u00fcl tanulm\u00e1nyokat folytatsz egy fels\u0151oktat\u00e1si int\u00e9zm\u00e9nyben, \u00e9s tanulm\u00e1nyaid v\u00e9g\u00e9n diplom\u00e1t fogsz szerezni. b) Legfeljebb 12 h\u00f3napja szerezted meg f\u0151iskolai vagy egyetemi diplom\u00e1d az exchange visitor program megkezd\u00e9se [&hellip;]<\/p>\n","protected":false},"author":1,"featured_media":0,"parent":28,"menu_order":4040,"comment_status":"open","ping_status":"open","template":"","meta":[],"_links":{"self":[{"href":"https:\/\/edusa.ittvasarolok.eu\/index.php?rest_route=\/wp\/v2\/pages\/585"}],"collection":[{"href":"https:\/\/edusa.ittvasarolok.eu\/index.php?rest_route=\/wp\/v2\/pages"}],"about":[{"href":"https:\/\/edusa.ittvasarolok.eu\/index.php?rest_route=\/wp\/v2\/types\/page"}],"author":[{"embeddable":true,"href":"https:\/\/edusa.ittvasarolok.eu\/index.php?rest_route=\/wp\/v2\/users\/1"}],"replies":[{"embeddable":true,"href":"https:\/\/edusa.ittvasarolok.eu\/index.php?rest_route=%2Fwp%2Fv2%2Fcomments&post=585"}],"version-history":[{"count":6,"href":"https:\/\/edusa.ittvasarolok.eu\/index.php?rest_route=\/wp\/v2\/pages\/585\/revisions"}],"predecessor-version":[{"id":600,"href":"https:\/\/edusa.ittvasarolok.eu\/index.php?rest_route=\/wp\/v2\/pages\/585\/revisions\/600"}],"up":[{"embeddable":true,"href":"https:\/\/edusa.ittvasarolok.eu\/index.php?rest_route=\/wp\/v2\/pages\/28"}],"wp:attachment":[{"href":"https:\/\/edusa.ittvasarolok.eu\/index.php?rest_route=%2Fwp%2Fv2%2Fmedia&parent=585"}],"curies":[{"name":"wp","href":"https:\/\/api.w.org\/{rel}","templated":true}]}}